{"id":135,"date":"2021-06-12T02:13:18","date_gmt":"2021-06-12T02:13:18","guid":{"rendered":"http:\/\/garlosaludybelleza.com.mx\/?page_id=135"},"modified":"2021-06-12T02:13:18","modified_gmt":"2021-06-12T02:13:18","slug":"tratamientos-faciales","status":"publish","type":"page","link":"https:\/\/garlosaludybelleza.com.mx\/?page_id=135","title":{"rendered":"Tratamientos Faciales"},"content":{"rendered":"\n<p><strong>Facial:<\/strong><\/p>\n\n\n\n<p><strong>Limpieza facial profunda:<\/strong> Es un tratamiento para mejorar la salud y aspecto de la piel de la cara. Permite eliminar impurezas, puntos negros y residuos que permanecen en la piel a pesar de la rutina diaria de limpieza.<\/p>\n\n\n\n<p><strong>Limpiador:<\/strong> Se lava la cara con un jab\u00f3n acorde a tu tipo de piel.<\/p>\n\n\n\n<p><strong>Exfoliaci\u00f3n:<\/strong> Se hace para retirar c\u00e9lulas muertas. Para esto se realiza un masaje suave con un exfoliante adecuado al tipo de piel.<\/p>\n\n\n\n<p><strong>Cold creme:<\/strong> Se aplica una capa fina de cold creme que tiene propiedades para desensibilizar el \u00e1rea de extracci\u00f3n.<\/p>\n\n\n\n<p><strong>Vapor:<\/strong> Se utiliza para abrir los poros lo que permite que el cold creme penetre y permita realizar la extracci\u00f3n de manera m\u00e1s suave.<\/p>\n\n\n\n<p><strong>Extracci\u00f3n:<\/strong> Se retiran espinillas, puntos negros e impurezas haciendo una leve presi\u00f3n.<\/p>\n\n\n\n<p><strong>Alta frecuencia:<\/strong> Despu\u00e9s de la extracci\u00f3n se pasa alta frecuencia por todo el rostro ya que tiene efectos antiinflamatorios y desinfectantes.<\/p>\n\n\n\n<p><strong>Mascarilla:<\/strong> Se aplica una mascarilla acorde a las necesidades de la piel detectadas durante la limpieza.<\/p>\n\n\n\n<p><strong>Loci\u00f3n:<\/strong> Despu\u00e9s de retirar la mascarilla se aplica una loci\u00f3n especial para las necesidades de cada piel.<\/p>\n\n\n\n<p><strong>Protector solar:<\/strong> Por ultimo se aplica protector solar para mantener protegida la piel de los rayos UV.<\/p>\n\n\n\n<p><strong>Agrega a tu facial<\/strong><\/p>\n\n\n\n<p><strong>Hidrataci\u00f3n:<\/strong> Consiste en la aplicaci\u00f3n de un serum con \u00e1cido hialuronico que penetra en la piel para una hidrataci\u00f3n profunda.<\/p>\n\n\n\n<p><strong>Tratamiento antiacn\u00e9:<\/strong> Despu\u00e9s de la limpieza se aplica un medicamento especial para ir disminuyendo el acn\u00e9.<\/p>\n\n\n\n<p>Oxigenaci\u00f3n: Permite eliminar impurezas y combate el aspecto opaco de la piel, ideal para agregar luz al rostro.<\/p>\n\n\n\n<p>Mascara led:<\/p>\n\n\n\n<p><strong>Color rojo<\/strong>: Ayuda a disminuir l\u00edneas de expresi\u00f3n y ojeras. Adem\u00e1s de reparar tejidos da\u00f1ados y ayudar a producir col\u00e1geno y elastina.<\/p>\n\n\n\n<p><strong>Color azul: <\/strong>Recomendada para pieles con tendencia acneica.<\/p>\n\n\n\n<p><strong>Color verde: <\/strong>Ideal para pieles con manchas o cicatrices. Acelera la regeneraci\u00f3n de la piel.<\/p>\n\n\n\n<p><strong>Color morado:<\/strong> Complementaria para difuminar las secuelas de acn\u00e9 y cicatrices.<\/p>\n\n\n\n<p><strong>Color amarillo: <\/strong>Crea un efecto lifting.<\/p>\n\n\n\n<p><strong>Color blanco:<\/strong> Se utiliza para regenerar la piel y disminuir la flacidez facial.<\/p>\n","protected":false},"excerpt":{"rendered":"<p>Facial: Limpieza facial profunda: Es un tratamiento para mejorar la salud y aspecto de la piel de la cara. Permite eliminar impurezas, puntos negros y residuos que permanecen en la piel a pesar de la rutina diaria de limpieza. Limpiador: Se lava la cara con un jab\u00f3n acorde a tu tipo de piel. Exfoliaci\u00f3n: Se &hellip; <a href=\"https:\/\/garlosaludybelleza.com.mx\/?page_id=135\" class=\"read-more\">Read More<\/a><\/p>\n","protected":false},"author":1,"featured_media":64,"parent":0,"menu_order":0,"comment_status":"closed","ping_status":"closed","template":"","meta":[],"_links":{"self":[{"href":"https:\/\/garlosaludybelleza.com.mx\/index.php?rest_route=\/wp\/v2\/pages\/135"}],"collection":[{"href":"https:\/\/garlosaludybelleza.com.mx\/index.php?rest_route=\/wp\/v2\/pages"}],"about":[{"href":"https:\/\/garlosaludybelleza.com.mx\/index.php?rest_route=\/wp\/v2\/types\/page"}],"author":[{"embeddable":true,"href":"https:\/\/garlosaludybelleza.com.mx\/index.php?rest_route=\/wp\/v2\/users\/1"}],"replies":[{"embeddable":true,"href":"https:\/\/garlosaludybelleza.com.mx\/index.php?rest_route=%2Fwp%2Fv2%2Fcomments&post=135"}],"version-history":[{"count":1,"href":"https:\/\/garlosaludybelleza.com.mx\/index.php?rest_route=\/wp\/v2\/pages\/135\/revisions"}],"predecessor-version":[{"id":136,"href":"https:\/\/garlosaludybelleza.com.mx\/index.php?rest_route=\/wp\/v2\/pages\/135\/revisions\/136"}],"wp:featuredmedia":[{"embeddable":true,"href":"https:\/\/garlosaludybelleza.com.mx\/index.php?rest_route=\/wp\/v2\/media\/64"}],"wp:attachment":[{"href":"https:\/\/garlosaludybelleza.com.mx\/index.php?rest_route=%2Fwp%2Fv2%2Fmedia&parent=135"}],"curies":[{"name":"wp","href":"https:\/\/api.w.org\/{rel}","templated":true}]}}